{"id":45,"date":"2023-07-25T20:19:12","date_gmt":"2023-07-25T20:19:12","guid":{"rendered":"https:\/\/gr86.it\/coipiedescalsi\/?page_id=45"},"modified":"2025-08-26T20:59:13","modified_gmt":"2025-08-26T20:59:13","slug":"il-festival","status":"publish","type":"page","link":"https:\/\/gr86.it\/coipiedescalsi\/il-festival\/","title":{"rendered":"Il Festival"},"content":{"rendered":"<p>27 anni fa il Gruppo Ricreativo Culturale 86 decise di trasformare la tradizionale sagra paesana in una manifestazione innovativa, ricca di spettacoli e di divertimento. Nacque cos\u00ec Co i pi\u00e8 descalsi, ovvero a piedi nudi, per ritrovare le emozioni di quando eravamo bambini, scoprirsi a vivere la serenit\u00e0 e la spensieratezza dei giochi e delle tradizioni dell\u2019infanzia, rimanere a bocca aperta di fronte alle evoluzioni degli acrobati, osservare le mani degli artigiani da cui prendono forma manufatti quasi per magia ed infine gustare i buoni prodotti della tradizione culinaria veneta.<br \/>\nNel 2007 il Gruppo 86 fu scelto dal Consorzio Priula, poi divenuto Contarina s.p.a, come pioniere nello sperimentare la raccolta differenziata in manifestazioni di grande impatto, da allora tutti i suoi eventi sono divenuti ecosostenibili: la gestione dei rifiuti da parte del Gruppo 86 \u00e8 caratterizzata dal conferimento di oltre il 90% di rifiuto umido in quanto le stoviglie, i bicchieri e le tovagliette usate sono biodegradabili. Negli spazi della manifestazione sono presenti diverse isole ecologiche con cartelli esplicativi dedicate alla raccolta differenziata.<br \/>\nPer l&#8217;edizione 2025 ci siamo posti l&#8217;obiettivo di favorire i progetti under 35 e ci siamo riusciti, visto che la maggioranza degli artisti presenti \u00e8 di et\u00e0 inferiore ai 35 anni. Abbiamo anche avuto la soddisfazione di ricevere due importanti riconoscimenti e il sostegno, da parte della Regione Veneto come \u201cmanifestazione di interesse regionale\u201d e dal Ministero della Cultura \u201cper lo spettacolo dal vivo\u201d.<br \/>\nTutto ci\u00f2 avviene grazie alla sinergia che da sempre sostiene le nostre iniziative: il lavoro dei volontari, la collaborazione del Comune di Carbonera e la fiducia che esprimono gli sponsor con contributi concreti alla manifestazione.<\/p>\n<p style=\"text-align: center\"><img decoding=\"async\" loading=\"lazy\" class=\"alignnone wp-image-992 size-full\" src=\"https:\/\/gr86.it\/coipiedescalsi\/wp-content\/uploads\/sites\/3\/2025\/08\/logo-anap-socio.png\" alt=\"\" width=\"300\" height=\"134\" srcset=\"https:\/\/gr86.it\/coipiedescalsi\/wp-content\/uploads\/sites\/3\/2025\/08\/logo-anap-socio.png 5400w, https:\/\/gr86.it\/coipiedescalsi\/wp-content\/uploads\/sites\/3\/2025\/08\/logo-anap-socio-960x427.png 960w\" sizes=\"(max-width: 300px) 100vw, 300px\" \/><\/p>\n<p>Il Gruppo 86 \u00e8 socio <strong>Anap<\/strong>, l\u2019Associazione Nazionale aderente all\u2019AGIS che riunisce i Festival e le Attivit\u00e0 Professionali delle Arti Performative di Strada, del Circo Contemporaneo e del Teatro di Figura.<br \/>\n\u201cNon esiste teatro senza comunit\u00e0 e nessuna comunit\u00e0 pu\u00f2 prosperare se viene privata del teatro. Chiediamo alle istituzioni investimenti, formazione, tutele, per chi crea e promuove il teatro e le arti performative fuori dai teatri. Chiediamo una politica culturale per il teatro delle citt\u00e0\u201d<\/p>\n<p style=\"text-align: center\"><img decoding=\"async\" loading=\"lazy\" class=\"alignnone wp-image-988 size-full\" src=\"https:\/\/gr86.it\/coipiedescalsi\/wp-content\/uploads\/sites\/3\/2025\/08\/logo-united-for-busking.png\" alt=\"\" width=\"200\" height=\"217\" \/><\/p>\n<p>Il Gruppo 86 \u00e8 membro e sostenitore di <strong>UNITED for BUSKING<\/strong> (U.F.B.), rete nata a Milano da un incontro tra operatori culturali (OPEN STREET AISBL 2014) cui erano invitati i principali festival europei. U.F.B.\u00e8 una rete di organizzatori di Festival di Arti di Strada, un esempio concreto che unendo conoscenze e condividendo passioni si possono superare ostacoli pi\u00f9 ardui e per questo pi\u00f9 appaganti. Anche quest\u2019anno dovremmo essere riusciti nell\u2019intento di portare nelle nostre manifestazioni artisti in rappresentanza di gran parte delle Arti di Strada e anche quest\u2019anno ironizziamo ripetendoci l\u2019un l\u2019altro che saranno edizioni meravigliose, e scherzi a parte\u2026 <strong>lo sono davvero<\/strong>!<\/p>\n<p>Anche quest\u2019anno si \u00e8 avviata una nuova meravigliosa e travolgente stagione di Festival di Artisti di Strada, anche se a dir la verit\u00e0 ancora ci risuonano alla mente gli esercizi e i lunghi applausi del pubblico delle edizioni appena concluse perch\u00e9 chi di Festival vive non se ne allontana mai e noi di <strong>U<\/strong>nited <strong>f<\/strong>or <strong>B<\/strong>usking ne sappiamo qualcosa di \u201csete da Festival\u201d, una necessit\u00e0 come l\u2019acqua.<\/p>\n<p>Nei mesi che precedono gli avvii delle rappresentazioni ci siamo confrontati spesso sulle proposte artistiche che troverete nel cartellone degli spettacoli, per ognuno \u00e8 risultato un programma artistico e culturale vasto come la nostra penisola, per questo vi consigliamo di visitarli tutti i nostri Festival, ciascuno con le proprie particolarit\u00e0 e sensibilit\u00e0 ma tutti assolutamente da vivere e\u2026 respirare.<\/p>\n<p>Alcuni spettacoli sono condivisi, altri individuati in base a esigenze logistiche del territorio in cui vengono proposte o seguendo il doppio filo rosso che unisce la giocosa logica dell\u2019arte di strada: fantasia e immaginazione. Ogni spettacolo \u00e8 pensato come se stesse gi\u00e0 andando in scena, con effetti e suggestioni sonore e la rumorosa partecipazione degli spettatori, gioiosi e pacifici invasori di un territorio in cui il tempo sembra separarsi dalla realt\u00e0 creando una bolla fatata entro cui godersi i numeri e gli esercizi degli artisti. Un paesaggio felliniano pensato, sognato e vissuto con voi che visitando i nostri festival ci restituite la gioia pi\u00f9 grande: felicit\u00e0!<\/p>\n<p>Felicit\u00e0 \u00e8 vedervi sorridere e sbalordirvi come bambini mentre seguite gli spettacoli. <strong>Felicit\u00e0 \u00e8 vedervi felici<\/strong>.<\/p>\n<p style=\"text-align: left\" align=\"left\"><span style=\"font-size: medium\"><span style=\"font-family: Liberation Serif, serif\"><b>\u00a0<\/b><\/span><\/span><\/p>\n<p style=\"text-align: center\" align=\"left\"><strong><span style=\"font-size: medium\">U.F.B. Festival 2025<\/span><\/strong><\/p>\n<ol>\n<li>\n<p align=\"left\"><span style=\"color: #000000\"> <span style=\"font-family: Calibri, serif\"><span style=\"font-size: medium\"><b>from 18 to 20 of July<\/b><\/span><\/span><\/span><span style=\"color: #000000\"><span style=\"font-family: Calibri, serif\"><span style=\"font-size: medium\"> &#8211; Cecina (LI) <\/span><\/span><\/span><span style=\"color: #000000\"><span style=\"font-family: Calibri, serif\"><span style=\"font-size: medium\"><i><b>\u201cIL PAESE DEI BALOCCHI\u201d FESTIVAL <\/b><\/i><\/span><\/span><\/span><a href=\"https:\/\/www.ilpaesedeibalocchifestival.it\/\"><span style=\"color: #000000\"><span style=\"font-family: Calibri, serif\"><span style=\"font-size: medium\"><u>https:\/\/www.ilpaesedeibalocchifestival.it\/<\/u><\/span><\/span><\/span><\/a><span style=\"color: #000000\"><span style=\"font-family: Calibri, serif\"><span style=\"font-size: medium\"> Artistic Director: Gianni Amabile gianniamabile@gmail.com Association: Mondoamabile<\/span><\/span><\/span><\/p>\n<\/li>\n<li>\n<p align=\"left\"><span style=\"color: #000000\"><span style=\"font-family: Calibri, serif\"><span style=\"font-size: medium\"><b>from 26 to 27 of July<\/b><\/span><\/span><\/span><span style=\"color: #000000\"><span style=\"font-family: Calibri, serif\"><span style=\"font-size: medium\"> &#8211; Vernasca (PC) <\/span><\/span><\/span><span style=\"color: #000000\"><span style=\"font-family: Calibri, serif\"><span style=\"font-size: medium\"><i><b>\u201cBASCHERDEIS\u201d FESTIVAL<\/b><\/i><\/span><\/span><\/span><span style=\"color: #000000\"><span style=\"font-family: Calibri, serif\"><span style=\"font-size: medium\"> &#8211; <\/span><\/span><\/span><a href=\"https:\/\/www.bascherdeis.it\/\"><span style=\"color: #000000\"><span style=\"font-family: Calibri, serif\"><span style=\"font-size: medium\"><u>https:\/\/www.bascherdeis.it\/<\/u><\/span><\/span><\/span><\/a><span style=\"color: #000000\"><span style=\"font-family: Calibri, serif\"><span style=\"font-size: medium\"> Artistic Director: Enrica Menta appenninocultura@gmail.com Association: Appennino Cultura<\/span><\/span><\/span><\/p>\n<\/li>\n<li>\n<p align=\"left\"><span style=\"color: #000000\"><span style=\"font-family: Calibri, serif\"><span style=\"font-size: medium\"><b>From 11 to 15 of August<\/b><\/span><\/span><\/span><span style=\"color: #000000\"><span style=\"font-family: Calibri, serif\"><span style=\"font-size: medium\"> &#8211; <\/span><\/span><\/span><span style=\"color: #000000\"><span style=\"font-family: Calibri, serif\"><span style=\"font-size: medium\"><i><b>\u201cdi STRADA in STRADA\u201d FESTIVAL<\/b><\/i><\/span><\/span><\/span> <span style=\"color: #ff0000\"><span style=\"font-family: Calibri, serif\"><span style=\"font-size: medium\">&#8211; <\/span><\/span><\/span><a href=\"https:\/\/www.distradainstrada.com\/\"><span style=\"color: #000000\"><span style=\"font-family: Calibri, serif\"><span style=\"font-size: medium\"><u>https:\/\/www.distradainstrada.com\/<\/u><\/span><\/span><\/span><\/a><span style=\"color: #000000\"><span style=\"font-family: Calibri, serif\"><span style=\"font-size: medium\"> are fractions of the Municipality of Santa Sofia) Artistic Director: Flavio Quadrini distrada92@gmail.com Association: Proloco Santa Sofia APS: <\/span><\/span><\/span><span style=\"color: #000000\"><span style=\"font-family: Calibri, serif\"><span style=\"font-size: medium\"><b>to 11 August<\/b><\/span><\/span><\/span><span style=\"color: #000000\"><span style=\"font-family: Calibri, serif\"><span style=\"font-size: medium\"> \u2013 Spinello (FC) <\/span><\/span><\/span><span style=\"color: #000000\"><span style=\"font-family: Calibri, serif\"><span style=\"font-size: medium\"><b>to 12 August<\/b><\/span><\/span><\/span><span style=\"color: #000000\"><span style=\"font-family: Calibri, serif\"><span style=\"font-size: medium\"> &#8211; Corniolo (FC) <\/span><\/span><\/span><span style=\"color: #000000\"><span style=\"font-family: Calibri, serif\"><span style=\"font-size: medium\"><b>from 13 to 15 of August<\/b><\/span><\/span><\/span><span style=\"color: #000000\"><span style=\"font-family: Calibri, serif\"><span style=\"font-size: medium\"> &#8211; Santa Sofia (FC) <\/span><\/span><\/span><\/p>\n<\/li>\n<li>\n<p align=\"left\"><span style=\"color: #000000\"><span style=\"font-family: Calibri, serif\"><span style=\"font-size: medium\"><b>from 16 to 17 August<\/b><\/span><\/span><\/span><span style=\"color: #000000\"><span style=\"font-family: Calibri, serif\"><span style=\"font-size: medium\"> Bagno di Romagna (FC) <\/span><\/span><\/span><span style=\"color: #000000\"><span style=\"font-family: Calibri, serif\"><span style=\"font-size: medium\"><b>\u201cUn BAGNO di BUSKERS\u201d <\/b><\/span><\/span><\/span><span style=\"color: #000000\"><span style=\"font-family: Calibri, serif\"><span style=\"font-size: medium\">Artistic Director: Flavio Quadrini T.3338128596 quadro016@gmail.com Association: Proloco Bagno di Romagna APS<\/span><\/span><\/span><\/p>\n<\/li>\n<li>\n<p align=\"left\"><span style=\"color: #000000\"><span style=\"font-family: Calibri, serif\"><span style=\"font-size: medium\"><b>from 20 to 24 August<\/b><\/span><\/span><\/span><span style=\"color: #000000\"><span style=\"font-family: Calibri, serif\"><span style=\"font-size: medium\"> Caorle (VE) \u201cLA LUNA NEL POZZO\u201d FESTIVAL &#8211; <\/span><\/span><\/span><a href=\"https:\/\/lalunanelpozzofestival.it\/\"><span style=\"color: #000000\"><span style=\"font-family: Calibri, serif\"><span style=\"font-size: medium\"><u>https:\/\/lalunanelpozzofestival.it\/<\/u><\/span><\/span><\/span><\/a><span style=\"color: #000000\"><span style=\"font-family: Calibri, serif\"><span style=\"font-size: medium\"> Artistic Director: Marco Caldlir\u00f2n carichisospesi@gmail.com Association: Carichi Sospesi <\/span><\/span><\/span><\/p>\n<\/li>\n<li>\n<p align=\"left\"><span style=\"color: #000000\"><span style=\"font-family: Calibri, serif\"><span style=\"font-size: medium\"><b>from 28 to 31 August<\/b><\/span><\/span><\/span><span style=\"color: #000000\"><span style=\"font-family: Calibri, serif\"><span style=\"font-size: medium\"> Roana (VC) &#8211; <\/span><\/span><\/span><span style=\"color: #000000\"><span style=\"font-family: Calibri, serif\"><span style=\"font-size: medium\"><i><b>\u201cCUCUFESTIVAL\u201d FESTIVAL<\/b><\/i><\/span><\/span><\/span><span style=\"color: #000000\"><span style=\"font-family: Calibri, serif\"><span style=\"font-size: medium\"> https:\/\/carichisospesi.com\/cucufestival\/ Artistic Director: Marco Caldlir\u00f2n carichisospesi@gmail.com Association: Carichi Sospesi<\/span><\/span><\/span><\/p>\n<\/li>\n<li>\n<p align=\"left\"><span style=\"color: #000000\"><span style=\"font-family: Calibri, serif\"><span style=\"font-size: medium\"><b>to 30 August<\/b><\/span><\/span><\/span><span style=\"color: #000000\"><span style=\"font-family: Calibri, serif\"><span style=\"font-size: medium\"> \u2013 Sala di Cesenatico (FC) <\/span><\/span><\/span><span style=\"color: #000000\"><span style=\"font-family: Calibri, serif\"><span style=\"font-size: medium\"><i><b>\u201cINCANTI URBANI\u201d<\/b><\/i><\/span><\/span><\/span><span style=\"color: #000000\"><span style=\"font-family: Calibri, serif\"><span style=\"font-size: medium\"> &#8211; Artistic Director: Flavio Quadrini T.3338128596 quadro016@gmail.com Association: Proloco Sala<\/span><\/span><\/span><\/p>\n<\/li>\n<li>\n<p align=\"left\"><span style=\"color: #000000\"><span style=\"font-family: Calibri, serif\"><span style=\"font-size: medium\"><b>from 06 to 07 September<\/b><\/span><\/span><\/span><span style=\"color: #000000\"><span style=\"font-family: Calibri, serif\"><span style=\"font-size: medium\"> Rubano (PD) <\/span><\/span><\/span><span style=\"color: #000000\"><span style=\"font-family: Calibri, serif\"><span style=\"font-size: medium\"><i><b>\u201cSPICCIOLI\u201d <\/b><\/i><\/span><\/span><\/span><span style=\"color: #000000\"><span style=\"font-family: Calibri, serif\"><span style=\"font-size: medium\">&#8211; https:\/\/carichisospesi.com\/cucufestival\/ Artistic Director: Marco Caldlir\u00f2n carichisospesi@gmail.com Association: Carichi Sospesi<\/span><\/span><\/span><\/p>\n<\/li>\n<li>\n<p align=\"left\"><span style=\"color: #000000\"><span style=\"font-family: Calibri, serif\"><span style=\"font-size: medium\"><b>from 12 to 14 of September <\/b><\/span><\/span><\/span><span style=\"color: #000000\"><span style=\"font-family: Calibri, serif\"><span style=\"font-size: medium\">Albano Laziale (RM) <\/span><\/span><\/span><span style=\"color: #000000\"><span style=\"font-family: Calibri, serif\"><span style=\"font-size: medium\"><i><b>\u201cBAJOCCO\u201d FESTIVAL Arti Performative<\/b><\/i><\/span><\/span><\/span><span style=\"color: #000000\"><span style=\"font-family: Calibri, serif\"><span style=\"font-size: medium\">\u2013 <\/span><\/span><\/span><a href=\"https:\/\/www.bajoccofestival.com\/\"><span style=\"color: #000000\"><span style=\"font-family: Calibri, serif\"><span style=\"font-size: medium\"><u>https:\/\/www.bajoccofestival.com\/<\/u><\/span><\/span><\/span><\/a><span style=\"color: #000000\"><span style=\"font-family: Calibri, serif\"><span style=\"font-size: medium\"> Artistic Director: Gianluca Pelle bajoccofestival.segreteria@outlook.com Association: XV Miglio ets<\/span><\/span><\/span><\/p>\n<\/li>\n<li>\n<p align=\"left\"><span style=\"color: #000000\"><span style=\"font-family: Calibri, serif\"><span style=\"font-size: medium\"><b>from 1<\/b><\/span><\/span><\/span><span style=\"color: #000000\"><span style=\"font-family: Calibri, serif\"><span style=\"font-size: medium\"><b>8<\/b><\/span><\/span><\/span><span style=\"color: #000000\"><span style=\"font-family: Calibri, serif\"><span style=\"font-size: medium\"><b> to 2<\/b><\/span><\/span><\/span><span style=\"color: #000000\"><span style=\"font-family: Calibri, serif\"><span style=\"font-size: medium\"><b>2<\/b><\/span><\/span><\/span><span style=\"color: #000000\"><span style=\"font-family: Calibri, serif\"><span style=\"font-size: medium\"><b> of September<\/b><\/span><\/span><\/span><span style=\"color: #000000\"><span style=\"font-family: Calibri, serif\"><span style=\"font-size: medium\"> &#8211; Vascon di Carbonera (TV) \u201dCO l PIE\u2019 DESCALSI\u201d FESTIVAL\u2013 27^ edition <\/span><\/span><\/span><a href=\"http:\/\/gr86.it\/piedescalsi\/\"><span style=\"color: #000000\"><span style=\"font-family: Calibri, serif\"><span style=\"font-size: medium\"><u>http:\/\/gr86.it\/piedescalsi\/<\/u><\/span><\/span><\/span><\/a><span style=\"color: #000000\"><span style=\"font-family: Calibri, serif\"><span style=\"font-size: medium\"> Artistic Director: Mauro Negro info@gr86.it Association: Gruppo 86 \u2013 President: Enzo Barbon<\/span><\/span><\/span><\/p>\n<\/li>\n<\/ol>\n","protected":false},"excerpt":{"rendered":"<p>27 anni fa il Gruppo Ricreativo Culturale 86 decise di trasformare la tradizionale sagra paesana in una manifestazione innovativa, ricca di spettacoli e di divertimento. Nacque cos\u00ec Co i pi\u00e8 descalsi, ovvero a piedi nudi, per ritrovare le emozioni di quando eravamo bambini, scoprirsi a vivere la serenit\u00e0 e la spensieratezza dei giochi e delle [&hellip;]<\/p>\n","protected":false},"author":2,"featured_media":52,"parent":0,"menu_order":0,"comment_status":"closed","ping_status":"closed","template":"templates\/5-the-festival.php","meta":[],"acf":[],"yoast_head":"<!-- This site is optimized with the Yoast SEO plugin v20.7 - https:\/\/yoast.com\/wordpress\/plugins\/seo\/ -->\n<title>Il Festival - Co I Pi\u00e8 Descalsi<\/title>\n<meta name=\"robots\" content=\"index, follow, max-snippet:-1, max-image-preview:large, max-video-preview:-1\" \/>\n<link rel=\"canonical\" href=\"https:\/\/gr86.it\/coipiedescalsi\/il-festival\/\" \/>\n<meta property=\"og:locale\" content=\"it_IT\" \/>\n<meta property=\"og:type\" content=\"article\" \/>\n<meta property=\"og:title\" content=\"Il Festival - Co I Pi\u00e8 Descalsi\" \/>\n<meta property=\"og:description\" content=\"27 anni fa il Gruppo Ricreativo Culturale 86 decise di trasformare la tradizionale sagra paesana in una manifestazione innovativa, ricca di spettacoli e di divertimento. Nacque cos\u00ec Co i pi\u00e8 descalsi, ovvero a piedi nudi, per ritrovare le emozioni di quando eravamo bambini, scoprirsi a vivere la serenit\u00e0 e la spensieratezza dei giochi e delle [&hellip;]\" \/>\n<meta property=\"og:url\" content=\"https:\/\/gr86.it\/coipiedescalsi\/il-festival\/\" \/>\n<meta property=\"og:site_name\" content=\"Co I Pi\u00e8 Descalsi\" \/>\n<meta property=\"article:publisher\" content=\"https:\/\/www.facebook.com\/FestaDestateVascon\/\" \/>\n<meta property=\"article:modified_time\" content=\"2025-08-26T20:59:13+00:00\" \/>\n<meta property=\"og:image\" content=\"https:\/\/gr86.it\/coipiedescalsi\/wp-content\/uploads\/sites\/3\/2023\/07\/foto-noi-2018.jpg\" \/>\n\t<meta property=\"og:image:width\" content=\"1441\" \/>\n\t<meta property=\"og:image:height\" content=\"834\" \/>\n\t<meta property=\"og:image:type\" content=\"image\/jpeg\" \/>\n<meta name=\"twitter:card\" content=\"summary_large_image\" \/>\n<script type=\"application\/ld+json\" class=\"yoast-schema-graph\">{\"@context\":\"https:\/\/schema.org\",\"@graph\":[{\"@type\":\"WebPage\",\"@id\":\"https:\/\/gr86.it\/coipiedescalsi\/il-festival\/\",\"url\":\"https:\/\/gr86.it\/coipiedescalsi\/il-festival\/\",\"name\":\"Il Festival - Co I Pi\u00e8 Descalsi\",\"isPartOf\":{\"@id\":\"https:\/\/gr86.it\/coipiedescalsi\/#website\"},\"datePublished\":\"2023-07-25T20:19:12+00:00\",\"dateModified\":\"2025-08-26T20:59:13+00:00\",\"breadcrumb\":{\"@id\":\"https:\/\/gr86.it\/coipiedescalsi\/il-festival\/#breadcrumb\"},\"inLanguage\":\"it-IT\",\"potentialAction\":[{\"@type\":\"ReadAction\",\"target\":[\"https:\/\/gr86.it\/coipiedescalsi\/il-festival\/\"]}]},{\"@type\":\"BreadcrumbList\",\"@id\":\"https:\/\/gr86.it\/coipiedescalsi\/il-festival\/#breadcrumb\",\"itemListElement\":[{\"@type\":\"ListItem\",\"position\":1,\"name\":\"Home\",\"item\":\"https:\/\/gr86.it\/coipiedescalsi\/\"},{\"@type\":\"ListItem\",\"position\":2,\"name\":\"Il Festival\"}]},{\"@type\":\"WebSite\",\"@id\":\"https:\/\/gr86.it\/coipiedescalsi\/#website\",\"url\":\"https:\/\/gr86.it\/coipiedescalsi\/\",\"name\":\"Co I Pi\u00e8 Descalsi\",\"description\":\"\",\"publisher\":{\"@id\":\"https:\/\/gr86.it\/coipiedescalsi\/#organization\"},\"potentialAction\":[{\"@type\":\"SearchAction\",\"target\":{\"@type\":\"EntryPoint\",\"urlTemplate\":\"https:\/\/gr86.it\/coipiedescalsi\/?s={search_term_string}\"},\"query-input\":\"required name=search_term_string\"}],\"inLanguage\":\"it-IT\"},{\"@type\":\"Organization\",\"@id\":\"https:\/\/gr86.it\/coipiedescalsi\/#organization\",\"name\":\"Gruppo 86\",\"url\":\"https:\/\/gr86.it\/coipiedescalsi\/\",\"logo\":{\"@type\":\"ImageObject\",\"inLanguage\":\"it-IT\",\"@id\":\"https:\/\/gr86.it\/coipiedescalsi\/#\/schema\/logo\/image\/\",\"url\":\"https:\/\/gr86.it\/coipiedescalsi\/wp-content\/uploads\/sites\/3\/2023\/05\/organization-logo.png\",\"contentUrl\":\"https:\/\/gr86.it\/coipiedescalsi\/wp-content\/uploads\/sites\/3\/2023\/05\/organization-logo.png\",\"width\":696,\"height\":696,\"caption\":\"Gruppo 86\"},\"image\":{\"@id\":\"https:\/\/gr86.it\/coipiedescalsi\/#\/schema\/logo\/image\/\"},\"sameAs\":[\"https:\/\/www.facebook.com\/FestaDestateVascon\/\",\"https:\/\/www.instagram.com\/explore\/locations\/311949286\/festa-destate-vascon\/\",\"https:\/\/www.youtube.com\/channel\/UC6K0EMJCYmbSuEmRYtvOA-g\"]}]}<\/script>\n<!-- \/ Yoast SEO plugin. -->","yoast_head_json":{"title":"Il Festival - Co I Pi\u00e8 Descalsi","robots":{"index":"index","follow":"follow","max-snippet":"max-snippet:-1","max-image-preview":"max-image-preview:large","max-video-preview":"max-video-preview:-1"},"canonical":"https:\/\/gr86.it\/coipiedescalsi\/il-festival\/","og_locale":"it_IT","og_type":"article","og_title":"Il Festival - Co I Pi\u00e8 Descalsi","og_description":"27 anni fa il Gruppo Ricreativo Culturale 86 decise di trasformare la tradizionale sagra paesana in una manifestazione innovativa, ricca di spettacoli e di divertimento. Nacque cos\u00ec Co i pi\u00e8 descalsi, ovvero a piedi nudi, per ritrovare le emozioni di quando eravamo bambini, scoprirsi a vivere la serenit\u00e0 e la spensieratezza dei giochi e delle [&hellip;]","og_url":"https:\/\/gr86.it\/coipiedescalsi\/il-festival\/","og_site_name":"Co I Pi\u00e8 Descalsi","article_publisher":"https:\/\/www.facebook.com\/FestaDestateVascon\/","article_modified_time":"2025-08-26T20:59:13+00:00","og_image":[{"width":1441,"height":834,"url":"https:\/\/gr86.it\/coipiedescalsi\/wp-content\/uploads\/sites\/3\/2023\/07\/foto-noi-2018.jpg","type":"image\/jpeg"}],"twitter_card":"summary_large_image","schema":{"@context":"https:\/\/schema.org","@graph":[{"@type":"WebPage","@id":"https:\/\/gr86.it\/coipiedescalsi\/il-festival\/","url":"https:\/\/gr86.it\/coipiedescalsi\/il-festival\/","name":"Il Festival - Co I Pi\u00e8 Descalsi","isPartOf":{"@id":"https:\/\/gr86.it\/coipiedescalsi\/#website"},"datePublished":"2023-07-25T20:19:12+00:00","dateModified":"2025-08-26T20:59:13+00:00","breadcrumb":{"@id":"https:\/\/gr86.it\/coipiedescalsi\/il-festival\/#breadcrumb"},"inLanguage":"it-IT","potentialAction":[{"@type":"ReadAction","target":["https:\/\/gr86.it\/coipiedescalsi\/il-festival\/"]}]},{"@type":"BreadcrumbList","@id":"https:\/\/gr86.it\/coipiedescalsi\/il-festival\/#breadcrumb","itemListElement":[{"@type":"ListItem","position":1,"name":"Home","item":"https:\/\/gr86.it\/coipiedescalsi\/"},{"@type":"ListItem","position":2,"name":"Il Festival"}]},{"@type":"WebSite","@id":"https:\/\/gr86.it\/coipiedescalsi\/#website","url":"https:\/\/gr86.it\/coipiedescalsi\/","name":"Co I Pi\u00e8 Descalsi","description":"","publisher":{"@id":"https:\/\/gr86.it\/coipiedescalsi\/#organization"},"potentialAction":[{"@type":"SearchAction","target":{"@type":"EntryPoint","urlTemplate":"https:\/\/gr86.it\/coipiedescalsi\/?s={search_term_string}"},"query-input":"required name=search_term_string"}],"inLanguage":"it-IT"},{"@type":"Organization","@id":"https:\/\/gr86.it\/coipiedescalsi\/#organization","name":"Gruppo 86","url":"https:\/\/gr86.it\/coipiedescalsi\/","logo":{"@type":"ImageObject","inLanguage":"it-IT","@id":"https:\/\/gr86.it\/coipiedescalsi\/#\/schema\/logo\/image\/","url":"https:\/\/gr86.it\/coipiedescalsi\/wp-content\/uploads\/sites\/3\/2023\/05\/organization-logo.png","contentUrl":"https:\/\/gr86.it\/coipiedescalsi\/wp-content\/uploads\/sites\/3\/2023\/05\/organization-logo.png","width":696,"height":696,"caption":"Gruppo 86"},"image":{"@id":"https:\/\/gr86.it\/coipiedescalsi\/#\/schema\/logo\/image\/"},"sameAs":["https:\/\/www.facebook.com\/FestaDestateVascon\/","https:\/\/www.instagram.com\/explore\/locations\/311949286\/festa-destate-vascon\/","https:\/\/www.youtube.com\/channel\/UC6K0EMJCYmbSuEmRYtvOA-g"]}]}},"_links":{"self":[{"href":"https:\/\/gr86.it\/coipiedescalsi\/wp-json\/wp\/v2\/pages\/45"}],"collection":[{"href":"https:\/\/gr86.it\/coipiedescalsi\/wp-json\/wp\/v2\/pages"}],"about":[{"href":"https:\/\/gr86.it\/coipiedescalsi\/wp-json\/wp\/v2\/types\/page"}],"author":[{"embeddable":true,"href":"https:\/\/gr86.it\/coipiedescalsi\/wp-json\/wp\/v2\/users\/2"}],"replies":[{"embeddable":true,"href":"https:\/\/gr86.it\/coipiedescalsi\/wp-json\/wp\/v2\/comments?post=45"}],"version-history":[{"count":2,"href":"https:\/\/gr86.it\/coipiedescalsi\/wp-json\/wp\/v2\/pages\/45\/revisions"}],"predecessor-version":[{"id":1027,"href":"https:\/\/gr86.it\/coipiedescalsi\/wp-json\/wp\/v2\/pages\/45\/revisions\/1027"}],"wp:featuredmedia":[{"embeddable":true,"href":"https:\/\/gr86.it\/coipiedescalsi\/wp-json\/wp\/v2\/media\/52"}],"wp:attachment":[{"href":"https:\/\/gr86.it\/coipiedescalsi\/wp-json\/wp\/v2\/media?parent=45"}],"curies":[{"name":"wp","href":"https:\/\/api.w.org\/{rel}","templated":true}]}}